it of w(4)?
2
Suppose t + 4*a = -t + 1244, 3*a = 5*t - 3084. What is the hundreds digit of t?
6
Let i = 6 - -5. Suppose -i*g = 150 - 1184. What is the units digit of g?
4
Let c(p) = -14*p + 10. Let t be c(-4). Suppose t = m + 4*g, 2*m + 3*g + g = 128. What is the units digit of m?
2
Let q(i) = i**3 + 6*i**2 - 8*i - 5. Let g be q(-7). Suppose -7*l + g*l - 21 = -u, -5*u = -4*l - 42. What is the units digit of (-9)/u*(-20)/6?
5
What is the hundreds digit of ((-16)/6)/((-24)/13968)?
5
Let o(u) = -6*u - 18. Let k(v) = 12*v + 35. Let w(j) = -3*k(j) - 5*o(j). Let q(z) = -5*z - 16. Let n(y) = -2*q(y) + 3*w(y). What is the units digit of n(-6)?
5
Let m(x) = x**2 - 9*x - 3. Let v be m(8). Let c(t) = t**2 + 10*t - 7. Let l be c(v). What is the units digit of -2*l/8 - -3?
2
Let g(x) = -x**3 + 10*x**2 - 3*x - 31. What is the hundreds digit of g(-8)?
1
Let w = 157 + 1859. What is the units digit of w?
6
Let q = 20 + -26. Let w(g) = g**2 + 4*g - 2. Let m be w(q). Suppose -j + m = 4*j, 5*j + 27 = x. What is the units digit of x?
7
Let h = 41 - 36. Suppose 5*u = 4*z - 0*u - 317, h*z - 3*u - 380 = 0. Let s = -45 + z. What is the tens digit of s?
2
Let s = 11 - 8. Suppose 483 = s*x + 4*x. Let a = x + -45. What is the tens digit of a?
2
Let o(b) = -b + 12. Let i be o(10). Suppose 3 = i*q - 17. Let x = q + -7. What is the units digit of x?
3
Let t(c) = -c - 5. Let p be t(-9). Suppose 2*b + 0 + 4 = w, -p*w + 27 = 3*b. Suppose -w*r + 48 = -0*r. What is the units digit of r?
8
Suppose -2*f - 2*g - 14 = -f, 3*f + 2*g + 26 = 0. Let b = 51 - f. What is the tens digit of b?
5
Suppose 0 = -4*a + 4*h + 3856, 3*a + 31*h - 2927 = 27*h. What is the tens digit of a?
6
Let v be (7 - 34)/((-3)/2). Suppose 16*f - v*f = -144. What is the tens digit of f?
7
Suppose 0 = 3*k + 9 + 3. What is the units digit of (-36)/k - (3 + 0)?
6
Let r = 1033 - 594. What is the hundreds digit of r?
4
Let d = 12 + -12. Suppose b - 3 = -d*b. What is the units digit of ((-2)/b)/(20/(-1230))?
1
Let d(o) = o**3 - 12*o**2 + 13*o - 7. Let z be d(11). Suppose 37 = -2*b - 39. What is the units digit of (-3 + z/6)*b?
9
Let q = -20 + 24. Suppose q*k = -k + 25. Suppose -2*w + 43 = 3*v, -3*w + 1 = -k. What is the units digit of v?
3
Suppose 0 = 3*d - 4495 - 266. What is the tens digit of d?
8
Let o(d) = 211*d + 52. What is the units digit of o(5)?
7
Suppose -3*f = 6 - 0. What is the hundreds digit of 33/(-21) - f - (-1187)/7?
1
Suppose -1868 = -2*p - 3*n, 21*n - 18*n = -p + 928. What is the hundreds digit of p?
9
Let n(z) = -z - 8. Let j be n(-8). Suppose -4*r + 3*x + 70 = j, -5*r - 2*x = -r - 60. What is the tens digit of r?
1
Let t(r) be the first derivative of -r**4/4 - r**3/3 - r**2/2 - 3. Let h be t(-1). Suppose 0 = f - 5*x - 5, 1 + h = x. What is the tens digit of f?
1
Suppose 0 = -3*g - 6 - 6. Let q be g/(-14) + 6/(-21). Suppose 5*c + i - 107 = 0, q = -c - i + 4 + 15. What is the units digit of c?
2
Suppose j + 303 = d, 2*d + 2*j - 598 = 6*j. Let c = d - 177. What is the hundreds digit of c?
1
Let s = 1 + 3. Let r be s/(-10) + 206/(-10). Let v = -2 - r. What is the tens digit of v?
1
Let y be (2 + 2/5)*40. Suppose 5*q = -2*s + 92, -y = -5*q - 2*s + s. Let o = -14 + q. What is the units digit of o?
6
Let j(z) be the first derivative of -z**2 - 35*z - 5. Let u(i) = i + 17. Let g(r) = -6*j(r) - 11*u(r). What is the units digit of g(0)?
3
Suppose -k + 4*p = -34, 0 = 4*k - p + 18 - 79. Suppose k*i - 11*i = 12. What is the tens digit of 79*(i - (-12)/(-4))?
7
Let k(i) = -3*i**2 - 2*i + 1. Let d be k(-4). Let o = d - -41. What is the units digit of o?
2
Suppose 3*c - 16 = -4*d, -4*d = -2*c - 0 + 4. Suppose 9*h = 8*h. Suppose -2*l = v + 2*v - 94, c*l - 4*v - 228 = h. What is the tens digit of l?
5
Suppose 0*j = -j - 4. Let q be (j/6)/(2/36). What is the units digit of (q/(-36))/(2/30)?
5
Let v be 16 - (-20*1)/(-5). Suppose v*a = 7*a + 5. What is the units digit of (a - (0 + 5)) + 70?
6
Suppose 0 = 18*q - 155 - 7. What is the tens digit of ((-12)/q)/((32/618)/(-8))?
0
Let v(z) = -z**3 - 5*z**2 + z - 4. Let r = 0 - 5. Let g be v(r). Let h(s) = -2*s - 4. What is the tens digit of h(g)?
1
Let y be (-30)/(-75) - 4/10. Suppose y = 6*d - 3*d - 33. What is the tens digit of d?
1
Suppose -5*r + 60 - 25 = 0. Suppose -r*p + a = -2*p - 20, 12 = 3*p + 3*a. What is the tens digit of (-11)/(((-14)/p)/7)?
2
Let d = 10 - 16. Suppose -16 = -7*o + 11*o. What is the tens digit of o/d + (-448)/(-12)?
3
Let a(c) = -4*c - 41. Let i be a(-17). Suppose 0 = 2*t - 3*t + 13. Let g = i - t. What is the units digit of g?
4
Let p = 784 - -402. What is the tens digit of p?
8
Suppose 5*i + 839 = 3*q + 6*i, -301 = -q + 5*i. Suppose 5*x + 71 = q. What is the units digit of x?
2
Let a(c) = 141*c + 434. What is the tens digit of a(34)?
2
Suppose -5*g + 9 = -11. Suppose -249 = -b + g*b. Let j = b - -134. What is the tens digit of j?
5
Let a(q) = 2*q**3 + 2*q - 7. Suppose -3*o - 3*x = x - 21, 4*x - 24 = -4*o. What is the tens digit of a(o)?
5
Let v(r) = -r + 3. Let x(d) = d - 2. Let p(j) = -4*v(j) - 5*x(j). Let b be p(-6). Let l = 11 - b. What is the units digit of l?
7
Suppose 3*k - 5 = -r, -3*k + 9 = 2*r + 2*k. Let x = r + 10. What is the tens digit of x?
1
Suppose g + 5*r + 9 = -g, -5*r = -5*g + 30. Let q(i) = -3*i**2 - 2*i + 16 - 16 - 4*i**g. What is the tens digit of q(-2)?
2
Suppose 16*s - 7733 = 5*s. What is the tens digit of s?
0
What is the units digit of (4 + 36/(-16))/((-1)/(-348))?
9
Suppose -6*h + 5*h + 149 = 0. Suppose -d = 3*m - h - 435, -3*m + 580 = 5*d. Suppose 0 = u + 4*u - m. What is the tens digit of u?
3
Let y(g) be the second derivative of g**4/12 + g**3/2 + g**2/2 - 3*g. Let b = -21 - -16. What is the tens digit of y(b)?
1
Let o(h) = h**3 + 8*h**2 - 2*h - 1. Let d be o(-8). Let c = d - -24. What is the tens digit of c?
3
Suppose 0 = -2*q + 5*q - 144. What is the tens digit of -27*1*q/(-9)?
4
Let r = -37 + 31. What is the hundreds digit of ((-375)/r - 3)*(2 + 0)?
1
Let u = 462 - 410. What is the tens digit of u?
5
Suppose -246*z + 249*z - 2313 = 0. What is the hundreds digit of z?
7
Suppose 811 + 645 = 8*l. What is the tens digit of l?
8
Suppose -14*k - 172 = -34766. What is the hundreds digit of k?
4
Let f = -6 + 7. Let g be (5/f)/(6 - 5). Suppose g*v + 35 = 3*o, -45 = -5*o - 5*v - 0*v. What is the tens digit of o?
1
Suppose 5*m - 494 - 313 = 3*b, -2*b + 3*m - 537 = 0. Let d = -143 - b. What is the hundreds digit of d?
1
What is the hundreds digit of (11463/(-5))/((-69)/115)?
8
Suppose -6*w + 2*y = -w + 25, -4*y = -3*w - 29. What is the tens digit of (15/10)/(w/(-590))?
9
Suppose 5*j + 3004 = 2*i, -3*i + 4*i - 1495 = -j. What is the units digit of i?
7
Suppose -48*r = -9*r - 29913. What is the tens digit of r?
6
Let u be (-43 - -1) + 2/(-2). Let w = u + 29. Let j(z) = -z + 4. What is the units digit of j(w)?
8
Suppose -x + 2*x - 5*m - 144 = 0, -m + 277 = 2*x. Let k = x + -111. What is the units digit of k?
8
Let y(l) = -2*l. Let d be y(-1). Suppose -5*g = -2*w - 54 + 1, -g + d*w + 9 = 0. Let h(p) = 2*p - 10. What is the tens digit of h(g)?
1
Suppose -172 = 4*j - 584. Let o = -50 + j. Let r = o - 27. What is the units digit of r?
6
Let d be 33/7 + 3/(21/2). Suppose -d*v - 69 = -574. What is the hundreds digit of v?
1
Let l(t) = 2*t**3 - 2*t**2 + 3*t - 12. What is the units digit of l(5)?
3
What is the tens digit of 1263/2 - (-45)/90?
3
Suppose 4*j = -8, -s = 2*j - 0*j + 58. Let x = s + 97. What is the units digit of x?
3
Let w(o) = -o**2 - 24*o. Let l be w(-24). Suppose -2*x - 1183 = -5*b + 202, l = -2*x. What is the tens digit of b?
7
Let w(m) = 3*m - 1. Let h(u) = u**2 + 16*u + 18. Let t be h(-15). Let k be w(t). Let f(x) = 2*x**2 - 12*x + 7. What is the tens digit of f(k)?
3
Suppose -5*k + 20 = 0, -5*a + 24 = -a - k. Suppose -111 = -8*v + a*v. What is the tens digit of v?
1
Suppose 3*w = 7*w. Suppose -g = -3*n - w*g + 7, 0 = -2*n - 2*g + 2. Suppose -n*p + 5 - 3 = 0. What is the units digit of p?
1
Suppose -5*b = -3*g + 124, 4*g = -g + b + 192. What is the tens digit of g*(7 - (-4)/(-2))?
9
What is the tens digit of 48/(-312) + 6203/13?
7
Let z(y) = y + 20. Let q(c) = -c - 19. Let p(s) = -7*q(s) - 6*z(s). Let n be p(-10). Suppose a = n*a - 4. What is the units digit of a?
2
Suppose r - 12 = -3*r, 3*r - 33 = -3*a. Suppose a